{"id":303,"date":"2026-03-19T12:15:27","date_gmt":"2026-03-19T17:15:27","guid":{"rendered":"https:\/\/rectoria.umet.edu.ec\/?page_id=303"},"modified":"2026-03-19T15:31:13","modified_gmt":"2026-03-19T20:31:13","slug":"ing-norma-graciela-soria-leon-ph-d","status":"publish","type":"page","link":"https:\/\/rectoria.umet.edu.ec\/?page_id=303","title":{"rendered":"Ing. Norma Graciela Soria Le\u00f3n, Ph.D."},"content":{"rendered":"\n<div class=\"wp-block-media-text is-stacked-on-mobile\"><figure class=\"wp-block-media-text__media\"><img loading=\"lazy\" decoding=\"async\" width=\"1024\" height=\"683\" src=\"https:\/\/rectoria.umet.edu.ec\/wp-content\/uploads\/2026\/03\/NG-Soria-2-1024x683.jpg\" alt=\"\" class=\"wp-image-304 size-full\" srcset=\"https:\/\/rectoria.umet.edu.ec\/wp-content\/uploads\/2026\/03\/NG-Soria-2-1024x683.jpg 1024w, https:\/\/rectoria.umet.edu.ec\/wp-content\/uploads\/2026\/03\/NG-Soria-2-300x200.jpg 300w, https:\/\/rectoria.umet.edu.ec\/wp-content\/uploads\/2026\/03\/NG-Soria-2-768x512.jpg 768w, https:\/\/rectoria.umet.edu.ec\/wp-content\/uploads\/2026\/03\/NG-Soria-2.jpg 1200w\" sizes=\"auto, (max-width: 1024px) 100vw, 1024px\" \/><\/figure><div class=\"wp-block-media-text__content\">\n<p class=\"has-medium-font-size\"><strong>Ing. Norma Graciela Soria Le\u00f3n, Ph.D<\/strong>.<\/p>\n\n\n\n<p>Vicerrectora Acad\u00e9mica. Directora Ejecutiva del Comit\u00e9 Cient\u00edfico Institucional.<\/p>\n<\/div><\/div>\n\n\n\n<p><strong>Norma Graciela Soria Le\u00f3n<\/strong> es doctora en Ciencias Pedag\u00f3gicas por la Universidad Bicentenaria de Aragua, posee maestr\u00edas en Marketing y Direcci\u00f3n de Marketing, adem\u00e1s de una ingenier\u00eda en Gesti\u00f3n Empresarial y un nivel t\u00e9cnico superior en Gesti\u00f3n Empresarial.<\/p>\n\n\n\n<p>Ha realizado m\u00faltiples cursos y diplomados en gesti\u00f3n universitaria, investigaci\u00f3n educativa, innovaci\u00f3n tecnol\u00f3gica, gesti\u00f3n administrativa y de calidad, con \u00e9nfasis en metodolog\u00edas de aprendizaje, evaluaci\u00f3n, liderazgo y formulaci\u00f3n de proyectos.<\/p>\n\n\n\n<p>Actualmente, se desempe\u00f1a como vicerrectora acad\u00e9mica para el per\u00edodo 2025 \u2013 2030. Es docente titular principal. Durante diez a\u00f1os ocup\u00f3 el puesto de Vicerrectora Administrativa en la Universidad Metropolitana. Su experiencia previa incluye roles en gesti\u00f3n universitaria, docencia en grado y posgrado, y asistencia en una empresa privada.<\/p>\n\n\n\n<p>Destaca la actividad realizada en la Fundaci\u00f3n Metropolitana como organizaci\u00f3n acompa\u00f1ante de los principales programas y proyectos sociales conjuntos con la Universidad. En esta organizaci\u00f3n ocup\u00f3 el cargo de presidente promoviendo y participando en proyectos de alto impacto para diversos sectores vulnerables y que han fortalecido intereses sociales y econ\u00f3micos en colaboraci\u00f3n con organismos del estado, otras organizaciones, empresas y comunidades.<\/p>\n\n\n\n<p>Ha publicado ocho art\u00edculos en revistas indexadas nacionales e internacionales, en temas relacionados con gesti\u00f3n universitaria, marketing, innovaci\u00f3n y educaci\u00f3n, as\u00ed como cuatro informes de investigaci\u00f3n que constituyen obras relevantes como salidas de proyectos de IDi y un libro.&nbsp; Desde su vicerrectorado a contribuido significativamente al fortalecimiento de la institucionalidad jur\u00eddica y el aseguramiento de la calidad.  Ha dirigido tutor\u00edas de pregrado y posgrado en gesti\u00f3n empresarial y otras \u00e1reas, con experiencia en acompa\u00f1amiento acad\u00e9mico.<\/p>\n","protected":false},"excerpt":{"rendered":"<p>Ing. Norma Graciela Soria Le\u00f3n, Ph.D. Vicerrectora Acad\u00e9mica. Directora Ejecutiva del Comit\u00e9 Cient\u00edfico Institucional. Norma Graciela Soria Le\u00f3n es doctora en Ciencias Pedag\u00f3gicas por la Universidad Bicentenaria de Aragua, posee&hellip;<\/p>\n","protected":false},"author":3,"featured_media":0,"parent":2,"menu_order":0,"comment_status":"closed","ping_status":"closed","template":"","meta":{"_s2mail":"yes","footnotes":""},"class_list":["post-303","page","type-page","status-publish","hentry"],"yoast_head":"<!-- This site is optimized with the Yoast SEO plugin v27.4 - https:\/\/yoast.com\/product\/yoast-seo-wordpress\/ -->\n<title>Ing. Norma Graciela Soria Le\u00f3n, Ph.D. - Blog del Rectorado<\/title>\n<meta name=\"description\" content=\"Vicerrectora Acad\u00e9mica y Directora Ejecutiva del Comit\u00e9 Cient\u00edfico Institucional en la Universidad Metropolitana.\" \/>\n<meta name=\"robots\" content=\"index, follow, max-snippet:-1, max-image-preview:large, max-video-preview:-1\" \/>\n<link rel=\"canonical\" href=\"https:\/\/rectoria.umet.edu.ec\/?page_id=303\" \/>\n<meta property=\"og:locale\" content=\"es_ES\" \/>\n<meta property=\"og:type\" content=\"article\" \/>\n<meta property=\"og:title\" content=\"Ing. Norma Graciela Soria Le\u00f3n, Ph.D. - Blog del Rectorado\" \/>\n<meta property=\"og:description\" content=\"Vicerrectora Acad\u00e9mica y Directora Ejecutiva del Comit\u00e9 Cient\u00edfico Institucional en la Universidad Metropolitana.\" \/>\n<meta property=\"og:url\" content=\"https:\/\/rectoria.umet.edu.ec\/?page_id=303\" \/>\n<meta property=\"og:site_name\" content=\"Blog del Rectorado\" \/>\n<meta property=\"article:modified_time\" content=\"2026-03-19T20:31:13+00:00\" \/>\n<meta property=\"og:image\" content=\"https:\/\/rectoria.umet.edu.ec\/wp-content\/uploads\/2026\/03\/NG-Soria-2.jpg\" \/>\n\t<meta property=\"og:image:width\" content=\"1200\" \/>\n\t<meta property=\"og:image:height\" content=\"800\" \/>\n\t<meta property=\"og:image:type\" content=\"image\/jpeg\" \/>\n<meta name=\"twitter:card\" content=\"summary_large_image\" \/>\n<meta name=\"twitter:label1\" content=\"Tiempo de lectura\" \/>\n\t<meta name=\"twitter:data1\" content=\"2 minutos\" \/>\n<script type=\"application\/ld+json\" class=\"yoast-schema-graph\">{\"@context\":\"https:\\\/\\\/schema.org\",\"@graph\":[{\"@type\":\"WebPage\",\"@id\":\"https:\\\/\\\/rectoria.umet.edu.ec\\\/?page_id=303\",\"url\":\"https:\\\/\\\/rectoria.umet.edu.ec\\\/?page_id=303\",\"name\":\"Ing. Norma Graciela Soria Le\u00f3n, Ph.D. - Blog del Rectorado\",\"isPartOf\":{\"@id\":\"https:\\\/\\\/rectoria.umet.edu.ec\\\/#website\"},\"primaryImageOfPage\":{\"@id\":\"https:\\\/\\\/rectoria.umet.edu.ec\\\/?page_id=303#primaryimage\"},\"image\":{\"@id\":\"https:\\\/\\\/rectoria.umet.edu.ec\\\/?page_id=303#primaryimage\"},\"thumbnailUrl\":\"https:\\\/\\\/rectoria.umet.edu.ec\\\/wp-content\\\/uploads\\\/2026\\\/03\\\/NG-Soria-2-1024x683.jpg\",\"datePublished\":\"2026-03-19T17:15:27+00:00\",\"dateModified\":\"2026-03-19T20:31:13+00:00\",\"description\":\"Vicerrectora Acad\u00e9mica y Directora Ejecutiva del Comit\u00e9 Cient\u00edfico Institucional en la Universidad Metropolitana.\",\"breadcrumb\":{\"@id\":\"https:\\\/\\\/rectoria.umet.edu.ec\\\/?page_id=303#breadcrumb\"},\"inLanguage\":\"es\",\"potentialAction\":[{\"@type\":\"ReadAction\",\"target\":[\"https:\\\/\\\/rectoria.umet.edu.ec\\\/?page_id=303\"]}]},{\"@type\":\"ImageObject\",\"inLanguage\":\"es\",\"@id\":\"https:\\\/\\\/rectoria.umet.edu.ec\\\/?page_id=303#primaryimage\",\"url\":\"https:\\\/\\\/rectoria.umet.edu.ec\\\/wp-content\\\/uploads\\\/2026\\\/03\\\/NG-Soria-2.jpg\",\"contentUrl\":\"https:\\\/\\\/rectoria.umet.edu.ec\\\/wp-content\\\/uploads\\\/2026\\\/03\\\/NG-Soria-2.jpg\",\"width\":1200,\"height\":800},{\"@type\":\"BreadcrumbList\",\"@id\":\"https:\\\/\\\/rectoria.umet.edu.ec\\\/?page_id=303#breadcrumb\",\"itemListElement\":[{\"@type\":\"ListItem\",\"position\":1,\"name\":\"Portada\",\"item\":\"https:\\\/\\\/rectoria.umet.edu.ec\\\/\"},{\"@type\":\"ListItem\",\"position\":2,\"name\":\"Rector\u00eda\",\"item\":\"https:\\\/\\\/rectoria.umet.edu.ec\\\/?page_id=2\"},{\"@type\":\"ListItem\",\"position\":3,\"name\":\"Ing. Norma Graciela Soria Le\u00f3n, Ph.D.\"}]},{\"@type\":\"WebSite\",\"@id\":\"https:\\\/\\\/rectoria.umet.edu.ec\\\/#website\",\"url\":\"https:\\\/\\\/rectoria.umet.edu.ec\\\/\",\"name\":\"Blog del Rectorado\",\"description\":\"Informaci\u00f3n del Rectorado\",\"publisher\":{\"@id\":\"https:\\\/\\\/rectoria.umet.edu.ec\\\/#organization\"},\"potentialAction\":[{\"@type\":\"SearchAction\",\"target\":{\"@type\":\"EntryPoint\",\"urlTemplate\":\"https:\\\/\\\/rectoria.umet.edu.ec\\\/?s={search_term_string}\"},\"query-input\":{\"@type\":\"PropertyValueSpecification\",\"valueRequired\":true,\"valueName\":\"search_term_string\"}}],\"inLanguage\":\"es\"},{\"@type\":\"Organization\",\"@id\":\"https:\\\/\\\/rectoria.umet.edu.ec\\\/#organization\",\"name\":\"\u016aM\u03a3T\",\"url\":\"https:\\\/\\\/rectoria.umet.edu.ec\\\/\",\"logo\":{\"@type\":\"ImageObject\",\"inLanguage\":\"es\",\"@id\":\"https:\\\/\\\/rectoria.umet.edu.ec\\\/#\\\/schema\\\/logo\\\/image\\\/\",\"url\":\"https:\\\/\\\/rectorado.umet.edu.ec\\\/wp-content\\\/uploads\\\/2026\\\/02\\\/LOGOTIPO-PRINCIPAL-HORIZONTAL.png\",\"contentUrl\":\"https:\\\/\\\/rectorado.umet.edu.ec\\\/wp-content\\\/uploads\\\/2026\\\/02\\\/LOGOTIPO-PRINCIPAL-HORIZONTAL.png\",\"width\":1379,\"height\":304,\"caption\":\"\u016aM\u03a3T\"},\"image\":{\"@id\":\"https:\\\/\\\/rectoria.umet.edu.ec\\\/#\\\/schema\\\/logo\\\/image\\\/\"}}]}<\/script>\n<!-- \/ Yoast SEO plugin. -->","yoast_head_json":{"title":"Ing. Norma Graciela Soria Le\u00f3n, Ph.D. - Blog del Rectorado","description":"Vicerrectora Acad\u00e9mica y Directora Ejecutiva del Comit\u00e9 Cient\u00edfico Institucional en la Universidad Metropolitana.","robots":{"index":"index","follow":"follow","max-snippet":"max-snippet:-1","max-image-preview":"max-image-preview:large","max-video-preview":"max-video-preview:-1"},"canonical":"https:\/\/rectoria.umet.edu.ec\/?page_id=303","og_locale":"es_ES","og_type":"article","og_title":"Ing. Norma Graciela Soria Le\u00f3n, Ph.D. - Blog del Rectorado","og_description":"Vicerrectora Acad\u00e9mica y Directora Ejecutiva del Comit\u00e9 Cient\u00edfico Institucional en la Universidad Metropolitana.","og_url":"https:\/\/rectoria.umet.edu.ec\/?page_id=303","og_site_name":"Blog del Rectorado","article_modified_time":"2026-03-19T20:31:13+00:00","og_image":[{"width":1200,"height":800,"url":"https:\/\/rectoria.umet.edu.ec\/wp-content\/uploads\/2026\/03\/NG-Soria-2.jpg","type":"image\/jpeg"}],"twitter_card":"summary_large_image","twitter_misc":{"Tiempo de lectura":"2 minutos"},"schema":{"@context":"https:\/\/schema.org","@graph":[{"@type":"WebPage","@id":"https:\/\/rectoria.umet.edu.ec\/?page_id=303","url":"https:\/\/rectoria.umet.edu.ec\/?page_id=303","name":"Ing. Norma Graciela Soria Le\u00f3n, Ph.D. - Blog del Rectorado","isPartOf":{"@id":"https:\/\/rectoria.umet.edu.ec\/#website"},"primaryImageOfPage":{"@id":"https:\/\/rectoria.umet.edu.ec\/?page_id=303#primaryimage"},"image":{"@id":"https:\/\/rectoria.umet.edu.ec\/?page_id=303#primaryimage"},"thumbnailUrl":"https:\/\/rectoria.umet.edu.ec\/wp-content\/uploads\/2026\/03\/NG-Soria-2-1024x683.jpg","datePublished":"2026-03-19T17:15:27+00:00","dateModified":"2026-03-19T20:31:13+00:00","description":"Vicerrectora Acad\u00e9mica y Directora Ejecutiva del Comit\u00e9 Cient\u00edfico Institucional en la Universidad Metropolitana.","breadcrumb":{"@id":"https:\/\/rectoria.umet.edu.ec\/?page_id=303#breadcrumb"},"inLanguage":"es","potentialAction":[{"@type":"ReadAction","target":["https:\/\/rectoria.umet.edu.ec\/?page_id=303"]}]},{"@type":"ImageObject","inLanguage":"es","@id":"https:\/\/rectoria.umet.edu.ec\/?page_id=303#primaryimage","url":"https:\/\/rectoria.umet.edu.ec\/wp-content\/uploads\/2026\/03\/NG-Soria-2.jpg","contentUrl":"https:\/\/rectoria.umet.edu.ec\/wp-content\/uploads\/2026\/03\/NG-Soria-2.jpg","width":1200,"height":800},{"@type":"BreadcrumbList","@id":"https:\/\/rectoria.umet.edu.ec\/?page_id=303#breadcrumb","itemListElement":[{"@type":"ListItem","position":1,"name":"Portada","item":"https:\/\/rectoria.umet.edu.ec\/"},{"@type":"ListItem","position":2,"name":"Rector\u00eda","item":"https:\/\/rectoria.umet.edu.ec\/?page_id=2"},{"@type":"ListItem","position":3,"name":"Ing. Norma Graciela Soria Le\u00f3n, Ph.D."}]},{"@type":"WebSite","@id":"https:\/\/rectoria.umet.edu.ec\/#website","url":"https:\/\/rectoria.umet.edu.ec\/","name":"Blog del Rectorado","description":"Informaci\u00f3n del Rectorado","publisher":{"@id":"https:\/\/rectoria.umet.edu.ec\/#organization"},"potentialAction":[{"@type":"SearchAction","target":{"@type":"EntryPoint","urlTemplate":"https:\/\/rectoria.umet.edu.ec\/?s={search_term_string}"},"query-input":{"@type":"PropertyValueSpecification","valueRequired":true,"valueName":"search_term_string"}}],"inLanguage":"es"},{"@type":"Organization","@id":"https:\/\/rectoria.umet.edu.ec\/#organization","name":"\u016aM\u03a3T","url":"https:\/\/rectoria.umet.edu.ec\/","logo":{"@type":"ImageObject","inLanguage":"es","@id":"https:\/\/rectoria.umet.edu.ec\/#\/schema\/logo\/image\/","url":"https:\/\/rectorado.umet.edu.ec\/wp-content\/uploads\/2026\/02\/LOGOTIPO-PRINCIPAL-HORIZONTAL.png","contentUrl":"https:\/\/rectorado.umet.edu.ec\/wp-content\/uploads\/2026\/02\/LOGOTIPO-PRINCIPAL-HORIZONTAL.png","width":1379,"height":304,"caption":"\u016aM\u03a3T"},"image":{"@id":"https:\/\/rectoria.umet.edu.ec\/#\/schema\/logo\/image\/"}}]}},"jetpack_sharing_enabled":true,"post_mailing_queue_ids":[],"_links":{"self":[{"href":"https:\/\/rectoria.umet.edu.ec\/index.php?rest_route=\/wp\/v2\/pages\/303","targetHints":{"allow":["GET"]}}],"collection":[{"href":"https:\/\/rectoria.umet.edu.ec\/index.php?rest_route=\/wp\/v2\/pages"}],"about":[{"href":"https:\/\/rectoria.umet.edu.ec\/index.php?rest_route=\/wp\/v2\/types\/page"}],"author":[{"embeddable":true,"href":"https:\/\/rectoria.umet.edu.ec\/index.php?rest_route=\/wp\/v2\/users\/3"}],"replies":[{"embeddable":true,"href":"https:\/\/rectoria.umet.edu.ec\/index.php?rest_route=%2Fwp%2Fv2%2Fcomments&post=303"}],"version-history":[{"count":3,"href":"https:\/\/rectoria.umet.edu.ec\/index.php?rest_route=\/wp\/v2\/pages\/303\/revisions"}],"predecessor-version":[{"id":316,"href":"https:\/\/rectoria.umet.edu.ec\/index.php?rest_route=\/wp\/v2\/pages\/303\/revisions\/316"}],"up":[{"embeddable":true,"href":"https:\/\/rectoria.umet.edu.ec\/index.php?rest_route=\/wp\/v2\/pages\/2"}],"wp:attachment":[{"href":"https:\/\/rectoria.umet.edu.ec\/index.php?rest_route=%2Fwp%2Fv2%2Fmedia&parent=303"}],"curies":[{"name":"wp","href":"https:\/\/api.w.org\/{rel}","templated":true}]}}